{"id":386,"date":"2019-02-03T13:48:11","date_gmt":"2019-02-03T13:48:11","guid":{"rendered":"https:\/\/quality-roids.com\/?post_type=product&#038;p=386"},"modified":"2019-02-03T13:48:11","modified_gmt":"2019-02-03T13:48:11","slug":"viagra-100-mg-12-tabletten","status":"publish","type":"product","link":"https:\/\/quality-roids.net\/index.php\/produkt\/viagra-100-mg-12-tabletten\/","title":{"rendered":"Viagra 100 mg  ( 12 Tabletten )"},"content":{"rendered":"","protected":false},"excerpt":{"rendered":"<p>Was ist Viagra?<\/p>\n<p>Viagra wird zur Behandlung von erektiler Dysfunktion bei M\u00e4nnern angewendet.<br \/>\nDas Medikament wurde 1998 vom Arzneimittelhersteller Pfizer entwickelt und sollte urspr\u00fcnglich als Mittel gegen Bluthochdruck eingesetzt werden.<\/p>\n<p>Der Hauptwirkstoff von Viagra \u2013 Sildenafil \u2013 wirkt auf ein Enzym, das wesentlich am Abbau einer Erektion beteiligt ist.<br \/>\nDieses Enzym (PDE 5) sorgt daf\u00fcr, dass eine Erektion wieder abschwillt, indem es den R\u00fcckfluss des Blutes aus dem Penis einleitet.<br \/>\nViagra wirkt genau auf diesen Prozess ein und hemmt die PDE 5-Bildung.<br \/>\nSo wird die entstandene Erektion l\u00e4nger gehalten. Auf das Entstehen der Erektion selbst,<br \/>\nhat Viagra jedoch keine Auswirkungen \u2013 sexuelle Erregung (Libido) ist weiterhin unerl\u00e4sslich.<br \/>\nWie lange wirkt Viagra?<\/p>\n<p>Nach der Einnahme dauert es 30 \u2013 60 Minuten, bis Viagra wirkt. Ist die Wirkung einmal eingetreten, h\u00e4lt die Wirkung von Viagra f\u00fcr ca. 4 Stunden an.<br \/>\nWann wird Viagra angewendet?<\/p>\n<p>Viagra als PDE 5-Hemmer wird als Medikament zur Therapie von erektilen Dysfunktionen eingesetzt.<\/p>\n<p>Eine erektile Dysfunktion kann sowohl bei jungen M\u00e4nnern, als auch bei M\u00e4nnern h\u00f6heren Alters auftreten.<br \/>\nDiagnostiziert ein Arzt eine erektile Dysfunktion, liegt eine Fehlfunktion des Enzyms PDE 5 vor.<br \/>\nDie Ursachen dieser Fehlfunktion unterscheiden sich dabei von Fall zu Fall und sollten daher individuell abgekl\u00e4rt werden.<\/p>\n","protected":false},"featured_media":385,"comment_status":"closed","ping_status":"closed","template":"","meta":[],"product_brand":[],"product_cat":[18,20],"product_tag":[65,70,66],"class_list":{"0":"post-386","1":"product","2":"type-product","3":"status-publish","4":"has-post-thumbnail","6":"product_cat-orals","7":"product_cat-sex","8":"product_tag-potenzmittel","9":"product_tag-sex","10":"product_tag-viagra","12":"first","13":"instock","14":"shipping-taxable","15":"purchasable","16":"product-type-simple"},"yoast_head":"<!-- This site is optimized with the Yoast SEO plugin v25.0 - https:\/\/yoast.com\/wordpress\/plugins\/seo\/ -->\n<title>Viagra 100 mg ( 12 Tabletten ) &#8211; Qualitative Steroide online kaufen<\/title>\n<meta name=\"robots\" content=\"index, follow, max-snippet:-1, max-image-preview:large, max-video-preview:-1\" \/>\n<link rel=\"canonical\" href=\"https:\/\/quality-roids.net\/index.php\/produkt\/viagra-100-mg-12-tabletten\/\" \/>\n<meta property=\"og:locale\" content=\"de_DE\" \/>\n<meta property=\"og:type\" content=\"article\" \/>\n<meta property=\"og:title\" content=\"Viagra 100 mg ( 12 Tabletten ) &#8211; Qualitative Steroide online kaufen\" \/>\n<meta property=\"og:description\" content=\"Was ist Viagra?  Viagra wird zur Behandlung von erektiler Dysfunktion bei M\u00e4nnern angewendet. Das Medikament wurde 1998 vom Arzneimittelhersteller Pfizer entwickelt und sollte urspr\u00fcnglich als Mittel gegen Bluthochdruck eingesetzt werden.  Der Hauptwirkstoff von Viagra \u2013 Sildenafil \u2013 wirkt auf ein Enzym, das wesentlich am Abbau einer Erektion beteiligt ist. Dieses Enzym (PDE 5) sorgt daf\u00fcr, dass eine Erektion wieder abschwillt, indem es den R\u00fcckfluss des Blutes aus dem Penis einleitet. Viagra wirkt genau auf diesen Prozess ein und hemmt die PDE 5-Bildung. So wird die entstandene Erektion l\u00e4nger gehalten. Auf das Entstehen der Erektion selbst, hat Viagra jedoch keine Auswirkungen \u2013 sexuelle Erregung (Libido) ist weiterhin unerl\u00e4sslich. Wie lange wirkt Viagra?  Nach der Einnahme dauert es 30 \u2013 60 Minuten, bis Viagra wirkt. Ist die Wirkung einmal eingetreten, h\u00e4lt die Wirkung von Viagra f\u00fcr ca. 4 Stunden an. Wann wird Viagra angewendet?  Viagra als PDE 5-Hemmer wird als Medikament zur Therapie von erektilen Dysfunktionen eingesetzt.  Eine erektile Dysfunktion kann sowohl bei jungen M\u00e4nnern, als auch bei M\u00e4nnern h\u00f6heren Alters auftreten. Diagnostiziert ein Arzt eine erektile Dysfunktion, liegt eine Fehlfunktion des Enzyms PDE 5 vor. Die Ursachen dieser Fehlfunktion unterscheiden sich dabei von Fall zu Fall und sollten daher individuell abgekl\u00e4rt werden.\" \/>\n<meta property=\"og:url\" content=\"https:\/\/quality-roids.net\/index.php\/produkt\/viagra-100-mg-12-tabletten\/\" \/>\n<meta property=\"og:site_name\" content=\"Qualitative Steroide online kaufen\" \/>\n<meta property=\"og:image\" content=\"https:\/\/quality-roids.net\/wp-content\/uploads\/2019\/02\/viagra-100-mg-filmtabletten-filmtabletten-D08906817-p1.jpg\" \/>\n\t<meta property=\"og:image:width\" content=\"245\" \/>\n\t<meta property=\"og:image:height\" content=\"245\" \/>\n\t<meta property=\"og:image:type\" content=\"image\/jpeg\" \/>\n<meta name=\"twitter:card\" content=\"summary_large_image\" \/>\n<script type=\"application\/ld+json\" class=\"yoast-schema-graph\">{\"@context\":\"https:\/\/schema.org\",\"@graph\":[{\"@type\":\"WebPage\",\"@id\":\"https:\/\/quality-roids.net\/index.php\/produkt\/viagra-100-mg-12-tabletten\/\",\"url\":\"https:\/\/quality-roids.net\/index.php\/produkt\/viagra-100-mg-12-tabletten\/\",\"name\":\"Viagra 100 mg ( 12 Tabletten ) &#8211; Qualitative Steroide online kaufen\",\"isPartOf\":{\"@id\":\"https:\/\/quality-roids.net\/#website\"},\"primaryImageOfPage\":{\"@id\":\"https:\/\/quality-roids.net\/index.php\/produkt\/viagra-100-mg-12-tabletten\/#primaryimage\"},\"image\":{\"@id\":\"https:\/\/quality-roids.net\/index.php\/produkt\/viagra-100-mg-12-tabletten\/#primaryimage\"},\"thumbnailUrl\":\"https:\/\/quality-roids.net\/wp-content\/uploads\/2019\/02\/viagra-100-mg-filmtabletten-filmtabletten-D08906817-p1.jpg\",\"datePublished\":\"2019-02-03T13:48:11+00:00\",\"breadcrumb\":{\"@id\":\"https:\/\/quality-roids.net\/index.php\/produkt\/viagra-100-mg-12-tabletten\/#breadcrumb\"},\"inLanguage\":\"de\",\"potentialAction\":[{\"@type\":\"ReadAction\",\"target\":[\"https:\/\/quality-roids.net\/index.php\/produkt\/viagra-100-mg-12-tabletten\/\"]}]},{\"@type\":\"ImageObject\",\"inLanguage\":\"de\",\"@id\":\"https:\/\/quality-roids.net\/index.php\/produkt\/viagra-100-mg-12-tabletten\/#primaryimage\",\"url\":\"https:\/\/quality-roids.net\/wp-content\/uploads\/2019\/02\/viagra-100-mg-filmtabletten-filmtabletten-D08906817-p1.jpg\",\"contentUrl\":\"https:\/\/quality-roids.net\/wp-content\/uploads\/2019\/02\/viagra-100-mg-filmtabletten-filmtabletten-D08906817-p1.jpg\",\"width\":245,\"height\":245},{\"@type\":\"BreadcrumbList\",\"@id\":\"https:\/\/quality-roids.net\/index.php\/produkt\/viagra-100-mg-12-tabletten\/#breadcrumb\",\"itemListElement\":[{\"@type\":\"ListItem\",\"position\":1,\"name\":\"Startseite\",\"item\":\"https:\/\/quality-roids.net\/\"},{\"@type\":\"ListItem\",\"position\":2,\"name\":\"Shop\",\"item\":\"https:\/\/quality-roids.net\/index.php\/shop\/\"},{\"@type\":\"ListItem\",\"position\":3,\"name\":\"Viagra 100 mg ( 12 Tabletten )\"}]},{\"@type\":\"WebSite\",\"@id\":\"https:\/\/quality-roids.net\/#website\",\"url\":\"https:\/\/quality-roids.net\/\",\"name\":\"Qualitative Steroide online kaufen\",\"description\":\"Pharmacom- und Genshi Produkte, Testosteron, Tren, Drosta und mehr\",\"publisher\":{\"@id\":\"https:\/\/quality-roids.net\/#organization\"},\"potentialAction\":[{\"@type\":\"SearchAction\",\"target\":{\"@type\":\"EntryPoint\",\"urlTemplate\":\"https:\/\/quality-roids.net\/?s={search_term_string}\"},\"query-input\":{\"@type\":\"PropertyValueSpecification\",\"valueRequired\":true,\"valueName\":\"search_term_string\"}}],\"inLanguage\":\"de\"},{\"@type\":\"Organization\",\"@id\":\"https:\/\/quality-roids.net\/#organization\",\"name\":\"quality-roids.com\",\"url\":\"https:\/\/quality-roids.net\/\",\"logo\":{\"@type\":\"ImageObject\",\"inLanguage\":\"de\",\"@id\":\"https:\/\/quality-roids.net\/#\/schema\/logo\/image\/\",\"url\":\"https:\/\/quality-roids.net\/wp-content\/uploads\/2019\/10\/quality-roids-net-pharmacom.png\",\"contentUrl\":\"https:\/\/quality-roids.net\/wp-content\/uploads\/2019\/10\/quality-roids-net-pharmacom.png\",\"width\":1100,\"height\":230,\"caption\":\"quality-roids.com\"},\"image\":{\"@id\":\"https:\/\/quality-roids.net\/#\/schema\/logo\/image\/\"},\"sameAs\":[\"https:\/\/pin.it\/ddci6thl3ka5es\"]}]}<\/script>\n<!-- \/ Yoast SEO plugin. -->","yoast_head_json":{"title":"Viagra 100 mg ( 12 Tabletten ) &#8211; Qualitative Steroide online kaufen","robots":{"index":"index","follow":"follow","max-snippet":"max-snippet:-1","max-image-preview":"max-image-preview:large","max-video-preview":"max-video-preview:-1"},"canonical":"https:\/\/quality-roids.net\/index.php\/produkt\/viagra-100-mg-12-tabletten\/","og_locale":"de_DE","og_type":"article","og_title":"Viagra 100 mg ( 12 Tabletten ) &#8211; Qualitative Steroide online kaufen","og_description":"Was ist Viagra?  Viagra wird zur Behandlung von erektiler Dysfunktion bei M\u00e4nnern angewendet. Das Medikament wurde 1998 vom Arzneimittelhersteller Pfizer entwickelt und sollte urspr\u00fcnglich als Mittel gegen Bluthochdruck eingesetzt werden.  Der Hauptwirkstoff von Viagra \u2013 Sildenafil \u2013 wirkt auf ein Enzym, das wesentlich am Abbau einer Erektion beteiligt ist. Dieses Enzym (PDE 5) sorgt daf\u00fcr, dass eine Erektion wieder abschwillt, indem es den R\u00fcckfluss des Blutes aus dem Penis einleitet. Viagra wirkt genau auf diesen Prozess ein und hemmt die PDE 5-Bildung. So wird die entstandene Erektion l\u00e4nger gehalten. Auf das Entstehen der Erektion selbst, hat Viagra jedoch keine Auswirkungen \u2013 sexuelle Erregung (Libido) ist weiterhin unerl\u00e4sslich. Wie lange wirkt Viagra?  Nach der Einnahme dauert es 30 \u2013 60 Minuten, bis Viagra wirkt. Ist die Wirkung einmal eingetreten, h\u00e4lt die Wirkung von Viagra f\u00fcr ca. 4 Stunden an. Wann wird Viagra angewendet?  Viagra als PDE 5-Hemmer wird als Medikament zur Therapie von erektilen Dysfunktionen eingesetzt.  Eine erektile Dysfunktion kann sowohl bei jungen M\u00e4nnern, als auch bei M\u00e4nnern h\u00f6heren Alters auftreten. Diagnostiziert ein Arzt eine erektile Dysfunktion, liegt eine Fehlfunktion des Enzyms PDE 5 vor. Die Ursachen dieser Fehlfunktion unterscheiden sich dabei von Fall zu Fall und sollten daher individuell abgekl\u00e4rt werden.","og_url":"https:\/\/quality-roids.net\/index.php\/produkt\/viagra-100-mg-12-tabletten\/","og_site_name":"Qualitative Steroide online kaufen","og_image":[{"width":245,"height":245,"url":"https:\/\/quality-roids.net\/wp-content\/uploads\/2019\/02\/viagra-100-mg-filmtabletten-filmtabletten-D08906817-p1.jpg","type":"image\/jpeg"}],"twitter_card":"summary_large_image","schema":{"@context":"https:\/\/schema.org","@graph":[{"@type":"WebPage","@id":"https:\/\/quality-roids.net\/index.php\/produkt\/viagra-100-mg-12-tabletten\/","url":"https:\/\/quality-roids.net\/index.php\/produkt\/viagra-100-mg-12-tabletten\/","name":"Viagra 100 mg ( 12 Tabletten ) &#8211; Qualitative Steroide online kaufen","isPartOf":{"@id":"https:\/\/quality-roids.net\/#website"},"primaryImageOfPage":{"@id":"https:\/\/quality-roids.net\/index.php\/produkt\/viagra-100-mg-12-tabletten\/#primaryimage"},"image":{"@id":"https:\/\/quality-roids.net\/index.php\/produkt\/viagra-100-mg-12-tabletten\/#primaryimage"},"thumbnailUrl":"https:\/\/quality-roids.net\/wp-content\/uploads\/2019\/02\/viagra-100-mg-filmtabletten-filmtabletten-D08906817-p1.jpg","datePublished":"2019-02-03T13:48:11+00:00","breadcrumb":{"@id":"https:\/\/quality-roids.net\/index.php\/produkt\/viagra-100-mg-12-tabletten\/#breadcrumb"},"inLanguage":"de","potentialAction":[{"@type":"ReadAction","target":["https:\/\/quality-roids.net\/index.php\/produkt\/viagra-100-mg-12-tabletten\/"]}]},{"@type":"ImageObject","inLanguage":"de","@id":"https:\/\/quality-roids.net\/index.php\/produkt\/viagra-100-mg-12-tabletten\/#primaryimage","url":"https:\/\/quality-roids.net\/wp-content\/uploads\/2019\/02\/viagra-100-mg-filmtabletten-filmtabletten-D08906817-p1.jpg","contentUrl":"https:\/\/quality-roids.net\/wp-content\/uploads\/2019\/02\/viagra-100-mg-filmtabletten-filmtabletten-D08906817-p1.jpg","width":245,"height":245},{"@type":"BreadcrumbList","@id":"https:\/\/quality-roids.net\/index.php\/produkt\/viagra-100-mg-12-tabletten\/#breadcrumb","itemListElement":[{"@type":"ListItem","position":1,"name":"Startseite","item":"https:\/\/quality-roids.net\/"},{"@type":"ListItem","position":2,"name":"Shop","item":"https:\/\/quality-roids.net\/index.php\/shop\/"},{"@type":"ListItem","position":3,"name":"Viagra 100 mg ( 12 Tabletten )"}]},{"@type":"WebSite","@id":"https:\/\/quality-roids.net\/#website","url":"https:\/\/quality-roids.net\/","name":"Qualitative Steroide online kaufen","description":"Pharmacom- und Genshi Produkte, Testosteron, Tren, Drosta und mehr","publisher":{"@id":"https:\/\/quality-roids.net\/#organization"},"potentialAction":[{"@type":"SearchAction","target":{"@type":"EntryPoint","urlTemplate":"https:\/\/quality-roids.net\/?s={search_term_string}"},"query-input":{"@type":"PropertyValueSpecification","valueRequired":true,"valueName":"search_term_string"}}],"inLanguage":"de"},{"@type":"Organization","@id":"https:\/\/quality-roids.net\/#organization","name":"quality-roids.com","url":"https:\/\/quality-roids.net\/","logo":{"@type":"ImageObject","inLanguage":"de","@id":"https:\/\/quality-roids.net\/#\/schema\/logo\/image\/","url":"https:\/\/quality-roids.net\/wp-content\/uploads\/2019\/10\/quality-roids-net-pharmacom.png","contentUrl":"https:\/\/quality-roids.net\/wp-content\/uploads\/2019\/10\/quality-roids-net-pharmacom.png","width":1100,"height":230,"caption":"quality-roids.com"},"image":{"@id":"https:\/\/quality-roids.net\/#\/schema\/logo\/image\/"},"sameAs":["https:\/\/pin.it\/ddci6thl3ka5es"]}]}},"_links":{"self":[{"href":"https:\/\/quality-roids.net\/index.php\/wp-json\/wp\/v2\/product\/386","targetHints":{"allow":["GET"]}}],"collection":[{"href":"https:\/\/quality-roids.net\/index.php\/wp-json\/wp\/v2\/product"}],"about":[{"href":"https:\/\/quality-roids.net\/index.php\/wp-json\/wp\/v2\/types\/product"}],"replies":[{"embeddable":true,"href":"https:\/\/quality-roids.net\/index.php\/wp-json\/wp\/v2\/comments?post=386"}],"wp:featuredmedia":[{"embeddable":true,"href":"https:\/\/quality-roids.net\/index.php\/wp-json\/wp\/v2\/media\/385"}],"wp:attachment":[{"href":"https:\/\/quality-roids.net\/index.php\/wp-json\/wp\/v2\/media?parent=386"}],"wp:term":[{"taxonomy":"product_brand","embeddable":true,"href":"https:\/\/quality-roids.net\/index.php\/wp-json\/wp\/v2\/product_brand?post=386"},{"taxonomy":"product_cat","embeddable":true,"href":"https:\/\/quality-roids.net\/index.php\/wp-json\/wp\/v2\/product_cat?post=386"},{"taxonomy":"product_tag","embeddable":true,"href":"https:\/\/quality-roids.net\/index.php\/wp-json\/wp\/v2\/product_tag?post=386"}],"curies":[{"name":"wp","href":"https:\/\/api.w.org\/{rel}","templated":true}]}}